{"id":1327,"date":"2017-02-02T11:53:33","date_gmt":"2017-02-02T11:53:33","guid":{"rendered":"http:\/\/wedding-planner.freevision.me\/?page_id=1327"},"modified":"2022-12-10T09:36:31","modified_gmt":"2022-12-10T09:36:31","slug":"all-in-one-services","status":"publish","type":"page","link":"https:\/\/weddingevents.ro\/index.php\/services\/all-in-one-services\/","title":{"rendered":"All in One Services"},"content":{"rendered":"<section class=\"wpb-content-wrapper\"><p>[vc_row css=&#8221;.vc_custom_1486036551499{margin-top: 0px !important;margin-bottom: 0px !important;padding-top: 60px !important;padding-bottom: 60px !important;}&#8221;][vc_column][vc_custom_heading text=&#8221;Da startul distractiei cu noi!&#8221; font_container=&#8221;tag:h2|text_align:center|color:%23000000&#8243; use_theme_fonts=&#8221;yes&#8221;][\/vc_column][\/vc_row][vc_row][vc_column width=&#8221;1\/2&#8243;]<div class=\"ozy-call-to-action-box \" style=\"background-image:url(https:\/\/weddingevents.ro\/wp-content\/uploads\/2022\/12\/platforma-selfie-video-360-alba-iulia-1.jpg);height:370px\"><div class=\"shadow-wrapper\"><\/div><div class=\"overlay-wrapper\"><h2>Platforma Selfie Video 360<\/h2><span class=\"shared-border-color\"><\/span><a href=\"https:\/\/weddingevents.ro\/index.php\/services\/platforma-selfie-video-360-alba-iulia\/\" target=\"_self\" class=\"heading-font\">DETALII \u2192<\/a><\/div><\/div>[vc_column_text css=&#8221;.vc_custom_1670663812032{margin-top: 20px !important;}&#8221;]<strong>Platforma Video Booth 360 pentru evenimente<\/strong>, este un echipament ce inregistreaza cadre la 360 grade, iar rezultatul este un video cu efecte slow \/ fast motion, reverse si boomerang, ce poate fi distribuit pe social media. Camera se roteste in jurul tau si tot ce trebuie sa faci este sa adopti cele mai uimitoare ipostaze.<\/p>\n<p><strong>Platforma Video Booth 360 Selfie pentru evenimente cu Brat Rotitor Reglabil si Suporturi pentru Diferite Dispozitive.<\/strong><br \/>\nPlatforma Selfie Photo Booth 360 poate fi folosita pentru realizarea de fotografii sau pentru crearea unor videoclipuri panoramice. Platforma este destinata organizatorilor de evenimente, prestatorilor de servicii foto\/video, amatorilor de imortalizari ale momentelor memorabile, magazi[\/vc_column_text][\/vc_column][vc_column width=&#8221;1\/2&#8243;]<div class=\"ozy-call-to-action-box \" style=\"background-image:url(https:\/\/weddingevents.ro\/wp-content\/uploads\/2022\/12\/oglinda-magica-photobooth-a.jpg);height:370px\"><div class=\"shadow-wrapper\"><\/div><div class=\"overlay-wrapper\"><h2>Oglinda Magica (Photobooth)<\/h2><span class=\"shared-border-color\"><\/span><a href=\"https:\/\/weddingevents.ro\/index.php\/services\/oglinda-magica-photobooth-alba-iulia\/\" target=\"_self\" class=\"heading-font\">DETALII \u2192<\/a><\/div><\/div>[vc_column_text css=&#8221;.vc_custom_1670663904585{margin-top: 20px !important;}&#8221;]<\/p>\n<div class=\"wpb_text_column wpb_content_element vc_custom_1670337816914\">\n<div class=\"wpb_wrapper\">\n<p><strong>Cabina foto OGLIND\u0102<\/strong> este un produs de ultim\u0103 genera\u021bie, oferind o interfa\u021b\u0103 mult mai interactiv\u0103 \u0219i foarte atractiv\u0103. Se \u00eencadreaz\u0103 perfect pentru orice tip de eveniment datorit\u0103 aspectului elegant. Experien\u021ba utilizatorului este una deosebit\u0103 prin utilizarea touch-screen-ului direct pe suprafa\u021ba oglinzii, prin anima\u021biile colorate dar \u015fi prin realizarea fotografiilor de o calitate superioara.<\/p>\n<\/div>\n<\/div>\n<div id=\"ocl-64343\" class=\"ozy-custom-list wpb_content_element \">\n<ul>\n<li><i class=\"oic-heart-2\"><\/i>Echipamente de ultim\u0103 genera\u0163ie \u00een interior, care \u00ee\u0163i asigur\u0103 poze clare \u015fi print f\u0103r\u0103 \u00eent\u00e2rzieri, rezistent la ap\u0103 \u0219i UV;<\/li>\n<li><i class=\"oic-heart-2\"><\/i>Cele mai multe accesorii fizice (180 p\u0103l\u0103rii, ochelari, m\u0103\u015fti, props) \u015fi accesorii virtuale (costume, b\u0103rbi, peruci etc.) iar pe multe din ele nu le vei g\u0103si \u015fi la alte cabine foto;<\/li>\n<\/ul>\n<\/div>\n<p>[\/vc_column_text][\/vc_column][\/vc_row][vc_row][vc_column width=&#8221;1\/2&#8243;]<div class=\"ozy-call-to-action-box \" style=\"background-image:url(https:\/\/weddingevents.ro\/wp-content\/uploads\/2022\/12\/fum-greu-artificii-organiza.jpg);height:370px\"><div class=\"shadow-wrapper\"><\/div><div class=\"overlay-wrapper\"><h2>Fum Greu si Artificii<\/h2><span class=\"shared-border-color\"><\/span><a href=\"https:\/\/weddingevents.ro\/index.php\/services\/fum-greu-artificii-alba-iulia\/\" target=\"_self\" class=\"heading-font\">DETALII \u2192<\/a><\/div><\/div>[vc_column_text css=&#8221;.vc_custom_1670663952620{margin-top: 20px !important;}&#8221;]Fum Greu si artificii \u2013 \u201eV\u0103 putem oferi o noapte de vis, l\u0103s\u00e2nd impresia unei atmosfere magice cu ajutorul acestui fum greu, a unor decora\u021bii splendide \u0219i eventual a unor jocuri de lumini incredibile.\u201d, \u201ev\u0103 putem pune la dispozi\u021bie o gam\u0103 vast\u0103 de artificii, \u00een diferite modele, \u00een diferite culori, pe diferite durate de timp, dup\u0103 bunul dumneavoastr\u0103 plac\u201d, De\u0219i sunt produse relativ noi, sunt foarte folosite \u00een mediile festive \u0219i din ce \u00een ce mai c\u0103utate \u00een Rom\u00e2nia.[\/vc_column_text][\/vc_column][vc_column width=&#8221;1\/2&#8243;]<div class=\"ozy-call-to-action-box \" style=\"background-image:url(https:\/\/weddingevents.ro\/wp-content\/uploads\/2022\/12\/cocktail-bar-organizare-nun.jpg);height:370px\"><div class=\"shadow-wrapper\"><\/div><div class=\"overlay-wrapper\"><h2>Cocktail Bar<\/h2><span class=\"shared-border-color\"><\/span><a href=\"https:\/\/weddingevents.ro\/index.php\/services\/cocktail-bar-alba-iulia\/\" target=\"_self\" class=\"heading-font\">DETALII \u2192<\/a><\/div><\/div>[vc_column_text css=&#8221;.vc_custom_1670664072919{margin-top: 20px !important;}&#8221;]Barul Mobil sau Cocktail Barul, a devenit un \u201cmust have\u201d la orice eveniment, fie el nunta, botez, petrecere corporate sau chiar majorat. Ne dorim ca dumneavoastra sa aveti o experienta interesanta, de neuitat si speram ca propunerile noastre sa va inspire si sa ne alegeti sa va fim aproape in acest moment important al vie\u021bii.<\/p>\n<p>&nbsp;<\/p>\n<div id=\"simple-translate\" class=\"simple-translate-light-theme\">\n<div>\n<div class=\"simple-translate-button isShow\" style=\"background-image: url('moz-extension:\/\/bcdb4d41-7c4b-4585-9a20-1c270ddd2dea\/icons\/512.png'); height: 22px; width: 22px; top: 349px; left: 531px;\"><\/div>\n<div class=\"simple-translate-panel \" style=\"width: 300px; height: 200px; top: 0px; left: 0px; font-size: 13px;\">\n<div class=\"simple-translate-result-wrapper\" style=\"overflow: hidden;\">\n<div class=\"simple-translate-move\" draggable=\"true\"><\/div>\n<div class=\"simple-translate-result-contents\">\n<p class=\"simple-translate-candidate\" dir=\"auto\">\n<\/div>\n<\/div>\n<\/div>\n<\/div>\n<\/div>\n<p>[\/vc_column_text][\/vc_column][\/vc_row][vc_row css=&#8221;.vc_custom_1486036551499{margin-top: 0px !important;margin-bottom: 0px !important;padding-top: 60px !important;padding-bottom: 60px !important;}&#8221;][vc_column][vc_custom_heading text=&#8221;Wedding Events&#8221; font_container=&#8221;tag:h2|text_align:center|color:%23000000&#8243; use_theme_fonts=&#8221;yes&#8221;][\/vc_column][\/vc_row][vc_row][vc_column width=&#8221;1\/2&#8243;]<div class=\"ozy-call-to-action-box \" style=\"background-image:url(https:\/\/weddingevents.ro\/wp-content\/uploads\/2022\/12\/efecte-pirotehnice-artifici.jpg);height:370px\"><div class=\"shadow-wrapper\"><\/div><div class=\"overlay-wrapper\"><h2>Tun de Confetii<\/h2><span class=\"shared-border-color\"><\/span><a href=\"https:\/\/weddingevents.ro\/index.php\/services\/tun-confetii-alba-iulia\/\" target=\"_self\" class=\"heading-font\">DETALII \u2192<\/a><\/div><\/div>[vc_column_text css=&#8221;.vc_custom_1670664178459{margin-top: 20px !important;}&#8221;]Tunul este acel accesoriu ce poate da petrecerii tale zgomot si trezeste prin zgomot invitatii din ce fac in acel moment.<br \/>\nTunul este indicat pentru orice tip de petreceri:nunta,aniversare,botez,samd.<br \/>\nMomentul in care le puteti folosi poate varia in functie de dorinta dumneavoastra,dar cele mai uzuale sunt intr[\/vc_column_text][\/vc_column][vc_column width=&#8221;1\/2&#8243;]<div class=\"ozy-call-to-action-box \" style=\"background-image:url(https:\/\/weddingevents.ro\/wp-content\/uploads\/2022\/12\/selfie-video-360-organizare.jpg);height:370px\"><div class=\"shadow-wrapper\"><\/div><div class=\"overlay-wrapper\"><h2>The Chardonnay Program<\/h2><span class=\"shared-border-color\"><\/span><a href=\"https:\/\/weddingevents.ro\/index.php\/services\/baloane-heliu-alba-iulia\/\" target=\"_self\" class=\"heading-font\">DETALII \u2192<\/a><\/div><\/div>[vc_column_text css=&#8221;.vc_custom_1670664252332{margin-top: 20px !important;}&#8221;]Baloane heliu \u2013 Putem face buchete din cateva baloane cu heliu simple sau combinate cu deosebitele baloane folie sau lasate individual pe tavan cu codita lunga, din rafie incretita.<\/p>\n<p>&nbsp;<\/p>\n<div id=\"simple-translate\" class=\"simple-translate-light-theme\">\n<div>\n<div class=\"simple-translate-button isShow\" style=\"background-image: url('moz-extension:\/\/bcdb4d41-7c4b-4585-9a20-1c270ddd2dea\/icons\/512.png'); height: 22px; width: 22px; top: 290px; left: 636px;\"><\/div>\n<div class=\"simple-translate-panel \" style=\"width: 300px; height: 200px; top: 0px; left: 0px; font-size: 13px;\">\n<div class=\"simple-translate-result-wrapper\" style=\"overflow: hidden;\">\n<div class=\"simple-translate-move\" draggable=\"true\"><\/div>\n<div class=\"simple-translate-result-contents\">\n<p class=\"simple-translate-candidate\" dir=\"auto\">\n<\/div>\n<\/div>\n<\/div>\n<\/div>\n<\/div>\n<p>[\/vc_column_text][\/vc_column][\/vc_row][vc_row][vc_column width=&#8221;1\/2&#8243;]<div class=\"ozy-call-to-action-box \" style=\"background-image:url(https:\/\/weddingevents.ro\/wp-content\/uploads\/2022\/12\/efecte-pirotehnice-artifici.jpg);height:370px\"><div class=\"shadow-wrapper\"><\/div><div class=\"overlay-wrapper\"><h2>Efecte Pirotehnice &amp; Artificii<\/h2><span class=\"shared-border-color\"><\/span><a href=\"https:\/\/weddingevents.ro\/index.php\/services\/efecte-pirotehnice-alba-iulia\/\" target=\"_self\" class=\"heading-font\">DETALII \u2192<\/a><\/div><\/div>[vc_column_text css=&#8221;.vc_custom_1670664317627{margin-top: 20px !important;}&#8221;]<\/p>\n<p class=\"txt1\" align=\"left\">Realizam programe pirotehnice pentru diverse evenimente cum ar fi: nunti &amp; botezuri, petreceri private si de firme, spectacole &amp; festivaluri, prezentari de moda, concerte.<\/p>\n<p class=\"txt1\" align=\"left\">Programele contin si efectele pirotehnice pentru diferite momente ale evenimentului si il stabilim impreuna cu d-voastra in functie de eveniment si de buget.<\/p>\n<p class=\"txt1\" align=\"left\">Folosim produse cu efecte diversificate alese cu grija pentru fiecare eveniment oferindu-va de fiecare data un adevarat spectacol pirotehnic indiferent de ocazia la care doriti artificii: nunta sau botez, spectacol sau eveniment public, petrecere sau aniversare, eveniment privat sau de firma.<\/p>\n<p>[\/vc_column_text][\/vc_column][vc_column width=&#8221;1\/2&#8243;]<div class=\"ozy-call-to-action-box \" style=\"background-image:url(https:\/\/weddingevents.ro\/wp-content\/uploads\/2017\/01\/organizare-nunta-alba-iulia-idei-texte-invitatii-nunta01.jpg);height:370px\"><div class=\"shadow-wrapper\"><\/div><div class=\"overlay-wrapper\"><h2>Invitatii personalizate<\/h2><span class=\"shared-border-color\"><\/span><a href=\"https:\/\/weddingevents.ro\/index.php\/services\/invitatii-nunta-personalizate-alba-iulia\/\" target=\"_self\" class=\"heading-font\">DETALII \u2192<\/a><\/div><\/div>[vc_column_text css=&#8221;.vc_custom_1486037441519{margin-top: 20px !important;}&#8221;]Pour-over etsy meditation waistcoat, everyday carry aesthetic enamel pin kinfolk readymade helvetica vegan bitters photo booth pinterest gastropub. Glossier subway tile gentrify, photo booth fap quinoa occupy. Tattooed cornhole yr, kogi kitsch vaporware kinfolk shoreditch health goth. Put a bird on it activated charcoal franzen art party.[\/vc_column_text][\/vc_column][\/vc_row][vc_row full_width=&#8221;stretch_row_content&#8221; content_placement=&#8221;middle&#8221; css=&#8221;.vc_custom_1486038542834{padding-right: 20% !important;padding-left: 20% !important;}&#8221;][vc_column width=&#8221;1\/3&#8243; offset=&#8221;vc_hidden-sm vc_hidden-xs&#8221;][vc_custom_heading text=&#8221;Find&#8221; font_container=&#8221;tag:h1|font_size:80|text_align:left|color:%23c09e6f&#8221; google_fonts=&#8221;font_family:Lovers%20Quarrel%3Anormal|font_style:300%20light%3A300%3Anormal&#8221; css=&#8221;.vc_custom_1486038674683{padding-bottom: -50px !important;}&#8221;][vc_custom_heading text=&#8221;Your Style&#8221; font_container=&#8221;tag:h1|text_align:left|color:%23000000&#8243; use_theme_fonts=&#8221;yes&#8221; css=&#8221;.vc_custom_1486038828707{margin-top: -50px !important;}&#8221;][vc_custom_heading text=&#8221;Alegerile din jurul zilei nun\u021bii tale sunt nesf\u00e2r\u0219ite \u0219i uneori cople\u0219itoare. Noi putem ajuta! Avem toate instrumentele pentru a te ajuta s\u0103 g\u0103se\u0219ti serviciile perfecte pentru tine.&#8221; font_container=&#8221;tag:h5|text_align:left|color:%23000000&#8243; use_theme_fonts=&#8221;yes&#8221;]<span  id=\"wofcb-6837\" class=\"ozy-custom_button_w\"><a id=\"ofcb-6837\" class=\"ozy-custom_button ocbtn-1\"  href=\"https:\/\/weddingevents.ro\/index.php\/contact\/\"  target=\"\" >CONTACT<\/a><\/span>[\/vc_column][vc_column width=&#8221;2\/3&#8243; css=&#8221;.vc_custom_1582303961797{margin-bottom: 0px !important;padding-bottom: 0px !important;}&#8221; offset=&#8221;vc_hidden-sm vc_hidden-xs&#8221;][vc_raw_html]JTVCdHJ1c3RpbmRleCUyMG5vLXJlZ2lzdHJhdGlvbiUzRGZhY2Vib29rJTVE[\/vc_raw_html][\/vc_column][\/vc_row]<\/p>\n<\/section>","protected":false},"excerpt":{"rendered":"<p>[vc_row css=&#8221;.vc_custom_1486036551499{margin-top: 0px !important;margin-bottom: 0px !important;padding-top: 60px !important;padding-bottom: 60px !important;}&#8221;][vc_column][vc_custom_heading text=&#8221;Da startul distractiei cu noi!&#8221; font_container=&#8221;tag:h2|text_align:center|color:%23000000&#8243; use_theme_fonts=&#8221;yes&#8221;][\/vc_column][\/vc_row][vc_row][vc_column width=&#8221;1\/2&#8243;][vc_column_text css=&#8221;.vc_custom_1670663812032{margin-top: 20px !important;}&#8221;]Platforma Video Booth 360 pentru evenimente, este un echipament ce [&hellip;]<\/p>\n","protected":false},"author":1,"featured_media":0,"parent":476,"menu_order":0,"comment_status":"closed","ping_status":"closed","template":"","meta":{"footnotes":""},"class_list":["post-1327","page","type-page","status-publish","hentry"],"_links":{"self":[{"href":"https:\/\/weddingevents.ro\/index.php\/wp-json\/wp\/v2\/pages\/1327","targetHints":{"allow":["GET"]}}],"collection":[{"href":"https:\/\/weddingevents.ro\/index.php\/wp-json\/wp\/v2\/pages"}],"about":[{"href":"https:\/\/weddingevents.ro\/index.php\/wp-json\/wp\/v2\/types\/page"}],"author":[{"embeddable":true,"href":"https:\/\/weddingevents.ro\/index.php\/wp-json\/wp\/v2\/users\/1"}],"replies":[{"embeddable":true,"href":"https:\/\/weddingevents.ro\/index.php\/wp-json\/wp\/v2\/comments?post=1327"}],"version-history":[{"count":3,"href":"https:\/\/weddingevents.ro\/index.php\/wp-json\/wp\/v2\/pages\/1327\/revisions"}],"predecessor-version":[{"id":1851,"href":"https:\/\/weddingevents.ro\/index.php\/wp-json\/wp\/v2\/pages\/1327\/revisions\/1851"}],"up":[{"embeddable":true,"href":"https:\/\/weddingevents.ro\/index.php\/wp-json\/wp\/v2\/pages\/476"}],"wp:attachment":[{"href":"https:\/\/weddingevents.ro\/index.php\/wp-json\/wp\/v2\/media?parent=1327"}],"curies":[{"name":"wp","href":"https:\/\/api.w.org\/{rel}","templated":true}]}}