{"id":1947,"date":"2022-12-19T10:12:08","date_gmt":"2022-12-19T10:12:08","guid":{"rendered":"https:\/\/weddingevents.ro\/?page_id=1947"},"modified":"2022-12-19T10:17:43","modified_gmt":"2022-12-19T10:17:43","slug":"oferta-golden-package","status":"publish","type":"page","link":"https:\/\/weddingevents.ro\/index.php\/oferta-golden-package\/","title":{"rendered":"Oferta Golden Package"},"content":{"rendered":"<section class=\"wpb-content-wrapper\"><p>[vc_row css=&#8221;.vc_custom_1485254065501{margin-top: 0px !important;margin-bottom: 0px !important;padding-top: 60px !important;padding-bottom: 60px !important;}&#8221;][vc_column width=&#8221;1\/3&#8243;]<div id=\"tile-with-icon_icon9240\" class=\"title-with-icon-wrapper clear large \" data-color=\"\">\r\n\t\t\t<div class=\"wpb_content_element title-with-icon clearfix margin-bottom-0 \"><span  style=\"color:#c09e6f !important;background-color: !important;\" class=\"oic-location-1 clear large \" ><\/span><h3 style=\"color:#000000\">Address<\/h3>\r\n\t\t\t<\/div><div class=\"wpb_content_element left-cs title-with-icon-content large clearfix\" style=\"color:#000000\"><\/p>\n<p>Alba Iulia,<br \/>\nROMANIA.<\/p>\n<p><\/div><\/div>[\/vc_column][vc_column width=&#8221;1\/3&#8243;]<div id=\"tile-with-icon_icon2123\" class=\"title-with-icon-wrapper clear large \" data-color=\"\">\r\n\t\t\t<div class=\"wpb_content_element title-with-icon clearfix margin-bottom-0 \"><span  style=\"color:#c09e6f !important;background-color: !important;\" class=\"oic-telephone clear large \" ><\/span><h3 style=\"color:#000000\">Phone<\/h3>\r\n\t\t\t<\/div><div class=\"wpb_content_element left-cs title-with-icon-content large clearfix\" style=\"color:#000000\"><\/p>\n<p><strong>Telefon:<\/strong> 0761166239<\/p>\n<p><strong>Whatsapp:<\/strong> 0761166239<\/p>\n<p><\/div><\/div>[\/vc_column][vc_column width=&#8221;1\/3&#8243;]<div id=\"tile-with-icon_icon9250\" class=\"title-with-icon-wrapper clear large \" data-color=\"\">\r\n\t\t\t<div class=\"wpb_content_element title-with-icon clearfix margin-bottom-0 \"><span  style=\"color:#c09e6f !important;background-color: !important;\" class=\"oic-monitor clear large \" ><\/span><h3 style=\"color:#000000\">E-Mail<\/h3>\r\n\t\t\t<\/div><div class=\"wpb_content_element left-cs title-with-icon-content large clearfix\" style=\"color:#000000\"><\/p>\n<div class=\"text-xs-left unit-body\">E-mail: <a href=\"mailto:vancualexandru90@gmail.com\">vancualexandru90@gmail.com<\/a><\/div>\n<div class=\"text-xs-left unit-body\">&amp; include detalii despre nunta ta<\/div>\n<p><\/div><\/div>[\/vc_column][\/vc_row][vc_row][vc_column]<h1 class=\"ozy-divider-cap-center wpb_content_element \"  style=\"color:#000000\" >Golden Package de la 500Euro<\/h1><div class=\"ozy-content-divider \" style=\"border-top-style:solid;border-top-width:2px;border-top-color:#c09e6f!important;width:40px;max-width:40px;margin:20px auto;\"><\/div>[vc_column_text css=&#8221;.vc_custom_1671444674070{margin-bottom: 30px !important;}&#8221;]<\/p>\n<p style=\"text-align: center;\">Contactati-ne direct completand acest formular.<\/p>\n<p>[\/vc_column_text][vc_raw_html]JTVCd3Bmb3JtcyUyMGlkJTNEJTIyMTk0MCUyMiUyMHRpdGxlJTNEJTIyZmFsc2UlMjIlNUQ=[\/vc_raw_html][vc_column_text css=&#8221;.vc_custom_1671444734156{margin-top: 0px !important;margin-bottom: 30px !important;padding-top: 0px !important;}&#8221;]<\/p>\n<p style=\"text-align: center;\"><strong><span style=\"font-size: 10pt;\">V\u0103 rug\u0103m s\u0103 completa\u021bi c\u00e2mpurile obligatorii *<\/span><\/strong><\/p>\n<p>[\/vc_column_text][\/vc_column][\/vc_row][vc_row][vc_column][vc_raw_html]JTVCdHJ1c3RpbmRleCUyMG5vLXJlZ2lzdHJhdGlvbiUzRGZhY2Vib29rJTVE[\/vc_raw_html][\/vc_column][\/vc_row]<\/p>\n<\/section>","protected":false},"excerpt":{"rendered":"<p>[vc_row css=&#8221;.vc_custom_1485254065501{margin-top: 0px !important;margin-bottom: 0px !important;padding-top: 60px !important;padding-bottom: 60px !important;}&#8221;][vc_column width=&#8221;1\/3&#8243;][\/vc_column][vc_column width=&#8221;1\/3&#8243;][\/vc_column][vc_column width=&#8221;1\/3&#8243;][\/vc_column][\/vc_row][vc_row][vc_column][vc_column_text css=&#8221;.vc_custom_1671444674070{margin-bottom: 30px !important;}&#8221;] Contactati-ne direct completand acest formular. [\/vc_column_text][vc_raw_html]JTVCd3Bmb3JtcyUyMGlkJTNEJTIyMTk0MCUyMiUyMHRpdGxlJTNEJTIyZmFsc2UlMjIlNUQ=[\/vc_raw_html][vc_column_text css=&#8221;.vc_custom_1671444734156{margin-top: 0px !important;margin-bottom: 30px !important;padding-top: 0px !important;}&#8221;] V\u0103 [&hellip;]<\/p>\n","protected":false},"author":1,"featured_media":0,"parent":0,"menu_order":0,"comment_status":"closed","ping_status":"closed","template":"","meta":{"footnotes":""},"class_list":["post-1947","page","type-page","status-publish","hentry"],"_links":{"self":[{"href":"https:\/\/weddingevents.ro\/index.php\/wp-json\/wp\/v2\/pages\/1947","targetHints":{"allow":["GET"]}}],"collection":[{"href":"https:\/\/weddingevents.ro\/index.php\/wp-json\/wp\/v2\/pages"}],"about":[{"href":"https:\/\/weddingevents.ro\/index.php\/wp-json\/wp\/v2\/types\/page"}],"author":[{"embeddable":true,"href":"https:\/\/weddingevents.ro\/index.php\/wp-json\/wp\/v2\/users\/1"}],"replies":[{"embeddable":true,"href":"https:\/\/weddingevents.ro\/index.php\/wp-json\/wp\/v2\/comments?post=1947"}],"version-history":[{"count":5,"href":"https:\/\/weddingevents.ro\/index.php\/wp-json\/wp\/v2\/pages\/1947\/revisions"}],"predecessor-version":[{"id":1952,"href":"https:\/\/weddingevents.ro\/index.php\/wp-json\/wp\/v2\/pages\/1947\/revisions\/1952"}],"wp:attachment":[{"href":"https:\/\/weddingevents.ro\/index.php\/wp-json\/wp\/v2\/media?parent=1947"}],"curies":[{"name":"wp","href":"https:\/\/api.w.org\/{rel}","templated":true}]}}