{"id":530,"date":"2017-01-23T20:02:11","date_gmt":"2017-01-23T20:02:11","guid":{"rendered":"http:\/\/wedding-planner.freevision.me\/?page_id=530"},"modified":"2022-12-08T14:57:49","modified_gmt":"2022-12-08T14:57:49","slug":"oglinda-magica-photobooth-alba-iulia","status":"publish","type":"page","link":"https:\/\/weddingevents.ro\/index.php\/services\/oglinda-magica-photobooth-alba-iulia\/","title":{"rendered":"Oglinda Magica (Photobooth)"},"content":{"rendered":"<section class=\"wpb-content-wrapper\"><p>[vc_row full_width=&#8221;stretch_row_content&#8221; css=&#8221;.vc_custom_1485197870743{margin-top: 40px !important;}&#8221;][vc_column width=&#8221;2\/3&#8243;]<h3 class=\"ozy-divider-cap-left wpb_content_element \"  style=\"color:#c09e6f\" >Oglinda Magica (Photobooth)<\/h3><div class=\"ozy-content-divider \" style=\"border-top-style:solid;border-top-width:2px;border-top-color:#c09e6f!important;width:40px;max-width:40px;left:0;\"><\/div>[vc_column_text css=&#8221;.vc_custom_1670337816914{margin-top: 20px !important;}&#8221;]<strong>Cabina foto OGLIND\u0102<\/strong> este un produs de ultim\u0103 genera\u021bie, oferind o interfa\u021b\u0103 mult mai interactiv\u0103 \u0219i foarte atractiv\u0103. Se \u00eencadreaz\u0103 perfect pentru orice tip de eveniment datorit\u0103 aspectului elegant. Experien\u021ba utilizatorului este una deosebit\u0103 prin utilizarea touch-screen-ului direct pe suprafa\u021ba oglinzii, prin anima\u021biile colorate dar \u015fi prin realizarea fotografiilor de o calitate superioara.[\/vc_column_text]\n<div id=\"ocl-2232\" class=\"ozy-custom-list wpb_content_element \">\n<\/p>\n<ul>\n<li><i class=\"oic-heart-2\"><\/i>Echipamente de ultim\u0103 genera\u0163ie \u00een interior, care \u00ee\u0163i asigur\u0103 poze clare \u015fi print f\u0103r\u0103 \u00eent\u00e2rzieri, rezistent la ap\u0103 \u0219i UV;<\/li>\n<li><i class=\"oic-heart-2\"><\/i>Cele mai multe accesorii fizice (180 p\u0103l\u0103rii, ochelari, m\u0103\u015fti, props) \u015fi accesorii virtuale (costume, b\u0103rbi, peruci etc.) iar pe multe din ele nu le vei g\u0103si \u015fi la alte cabine foto;<\/li>\n<li><i class=\"oic-heart-2\"><\/i>15 fundaluri pentru poze \u2013 unice in Alba \u2013 din care po\u0163i alege;<\/li>\n<li><i class=\"oic-heart-2\"><\/i>Singurul photo booth din Alba care \u00ee\u0163i ofer\u0103 garan\u0163ia satisfac\u0163iei;<\/li>\n<li><i class=\"oic-heart-2\"><\/i>Ai o grij\u0103 \u00een minus \u00een ziua evenimentului pentru c\u0103 suntem singura oglind\u0103 foto care \u00ee\u021bi aduce toat\u0103 logistica necesar\u0103 (mas\u0103 \u00eenc\u0103p\u0103toare pentru accesorii, mas\u0103 de cocktail pentru guestbook, stand p\u0103l\u0103rii etc.);<\/li>\n<\/ul>\n<div id=\"simple-translate\" class=\"simple-translate-light-theme\">\n<div>\n<div class=\"simple-translate-button isShow\" style=\"background-image: url('moz-extension:\/\/c6170051-1383-4740-b325-bfd6f14e95d7\/icons\/512.png'); height: 22px; width: 22px; top: 208px; left: 354px;\"><\/div>\n<div class=\"simple-translate-panel \" style=\"width: 300px; height: 200px; top: 0px; left: 0px; font-size: 13px;\">\n<div class=\"simple-translate-result-wrapper\" style=\"overflow: hidden;\">\n<div class=\"simple-translate-move\" draggable=\"true\"><\/div>\n<div class=\"simple-translate-result-contents\">\n<p class=\"simple-translate-candidate\" dir=\"auto\">\n<\/div>\n<\/div>\n<\/div>\n<\/div>\n<\/div>\n<p><\/div>[\/vc_column][vc_column width=&#8221;1\/3&#8243;][vc_single_image image=&#8221;28&#8243; img_size=&#8221;full&#8221; alignment=&#8221;center&#8221;][\/vc_column][\/vc_row][vc_row][vc_column][vc_custom_heading text=&#8221;Be fabulous. Be empowered. Be Blown Away!&#8221; font_container=&#8221;tag:h1|text_align:center|color:%23c09e6f&#8221; google_fonts=&#8221;font_family:Lovers%20Quarrel%3Anormal|font_style:300%20light%3A300%3Anormal&#8221;]\n<div id=\"ofd-27248\" class=\"ozy-floral-divider ornament_5 align-center \">\n<svg viewBox=\"0 0 255.12 23.4\"><use xlink:href=\"https:\/\/weddingevents.ro\/wp-content\/plugins\/ozy-wedding-planner-essentials\/images\/ornament_divider5.svg#ornament_divider5\"><\/use><\/svg><\/div>[vc_empty_space]<div class=\"carousel single wpb_content_element flickity-carousel  item-count-1\" data-flickity='{ \"pageDots\": true, \"prevNextButtons\": false, \"groupCells\": false, \"contain\" : true, \"cellAlign\": \"left\", \"adaptiveHeight\": false, \"imagesLoaded\": true, \"setGallerySize\": true, \"autoPlay\": 4000 }'>\n<div class=\"ozy-caroseul_item carousel-cell \" style=\"background:url(https:\/\/weddingevents.ro\/wp-content\/uploads\/2022\/12\/platforma-selfie-video-360-alba-iulia-5.jpg);\">\n<a><img decoding=\"async\" src=\"https:\/\/weddingevents.ro\/wp-content\/uploads\/2022\/12\/platforma-selfie-video-360-alba-iulia-5.jpg\" alt=\"Wedding Events\"><strong class=\"single\">Wedding Events<\/strong><\/a><\/div>\n<div class=\"ozy-caroseul_item carousel-cell \" style=\"background:url(https:\/\/weddingevents.ro\/wp-content\/uploads\/2022\/12\/platforma-selfie-video-360-alba-iulia-4.jpg);\">\n<a><img decoding=\"async\" src=\"https:\/\/weddingevents.ro\/wp-content\/uploads\/2022\/12\/platforma-selfie-video-360-alba-iulia-4.jpg\" alt=\"Wedding Events\"><strong class=\"single\">Wedding Events<\/strong><\/a><\/div>\n<div class=\"ozy-caroseul_item carousel-cell \" style=\"background:url(https:\/\/weddingevents.ro\/wp-content\/uploads\/2022\/12\/platforma-selfie-video-360-alba-iulia-3.jpg);\">\n<a><img decoding=\"async\" src=\"https:\/\/weddingevents.ro\/wp-content\/uploads\/2022\/12\/platforma-selfie-video-360-alba-iulia-3.jpg\" alt=\"Wedding Events\"><strong class=\"single\">Wedding Events<\/strong><\/a><\/div><\/div>[vc_column_text css=&#8221;.vc_custom_1670337999083{margin-top: 20px !important;}&#8221;]<\/p>\n<div class=\"wpb_text_column wpb_content_element vc_custom_1670336074870\">\n<div class=\"wpb_wrapper\">\n<p>Ne dorim sa aducem cat mai multe zambete pe fetele clientilor nostri si ale invitatilor acestora, oferind prin intermediul serviciilor noastre experiente de neuitat.<\/p>\n<p>Suntem astfel cei ce dau tonul distractiei la evenimentul dumneavoastra.<\/p>\n<p>Prin servicii prompte si impecabile, ne asiguram ca evenimentul tau va fi de succes.<\/p><\/div>\n<\/div>\n<p>[\/vc_column_text][\/vc_column][\/vc_row][vc_row][vc_column][vc_raw_html]JTVCdHJ1c3RpbmRleCUyMG5vLXJlZ2lzdHJhdGlvbiUzRGZhY2Vib29rJTVE[\/vc_raw_html][\/vc_column][\/vc_row]<\/p>\n<\/section>","protected":false},"excerpt":{"rendered":"<p>[vc_row full_width=&#8221;stretch_row_content&#8221; css=&#8221;.vc_custom_1485197870743{margin-top: 40px !important;}&#8221;][vc_column width=&#8221;2\/3&#8243;][vc_column_text css=&#8221;.vc_custom_1670337816914{margin-top: 20px !important;}&#8221;]Cabina foto OGLIND\u0102 este un produs de ultim\u0103 genera\u021bie, oferind o interfa\u021b\u0103 mult mai interactiv\u0103 \u0219i foarte atractiv\u0103. Se \u00eencadreaz\u0103 perfect pentru [&hellip;]<\/p>\n","protected":false},"author":1,"featured_media":0,"parent":476,"menu_order":0,"comment_status":"closed","ping_status":"closed","template":"","meta":{"footnotes":""},"class_list":["post-530","page","type-page","status-publish","hentry"],"_links":{"self":[{"href":"https:\/\/weddingevents.ro\/index.php\/wp-json\/wp\/v2\/pages\/530","targetHints":{"allow":["GET"]}}],"collection":[{"href":"https:\/\/weddingevents.ro\/index.php\/wp-json\/wp\/v2\/pages"}],"about":[{"href":"https:\/\/weddingevents.ro\/index.php\/wp-json\/wp\/v2\/types\/page"}],"author":[{"embeddable":true,"href":"https:\/\/weddingevents.ro\/index.php\/wp-json\/wp\/v2\/users\/1"}],"replies":[{"embeddable":true,"href":"https:\/\/weddingevents.ro\/index.php\/wp-json\/wp\/v2\/comments?post=530"}],"version-history":[{"count":4,"href":"https:\/\/weddingevents.ro\/index.php\/wp-json\/wp\/v2\/pages\/530\/revisions"}],"predecessor-version":[{"id":1820,"href":"https:\/\/weddingevents.ro\/index.php\/wp-json\/wp\/v2\/pages\/530\/revisions\/1820"}],"up":[{"embeddable":true,"href":"https:\/\/weddingevents.ro\/index.php\/wp-json\/wp\/v2\/pages\/476"}],"wp:attachment":[{"href":"https:\/\/weddingevents.ro\/index.php\/wp-json\/wp\/v2\/media?parent=530"}],"curies":[{"name":"wp","href":"https:\/\/api.w.org\/{rel}","templated":true}]}}