{"id":540,"date":"2017-01-23T20:15:56","date_gmt":"2017-01-23T20:15:56","guid":{"rendered":"http:\/\/wedding-planner.freevision.me\/?page_id=540"},"modified":"2022-12-10T10:24:17","modified_gmt":"2022-12-10T10:24:17","slug":"fum-greu-artificii-alba-iulia","status":"publish","type":"page","link":"https:\/\/weddingevents.ro\/index.php\/services\/fum-greu-artificii-alba-iulia\/","title":{"rendered":"Fum Greu si Artificii"},"content":{"rendered":"<section class=\"wpb-content-wrapper\"><p>[vc_row full_width=&#8221;stretch_row_content&#8221; css=&#8221;.vc_custom_1485197870743{margin-top: 40px !important;}&#8221;][vc_column width=&#8221;2\/3&#8243;]<h3 class=\"ozy-divider-cap-left wpb_content_element \"  style=\"color:#c09e6f\" >Fum Greu si Artificii<\/h3><div class=\"ozy-content-divider \" style=\"border-top-style:solid;border-top-width:2px;border-top-color:#c09e6f!important;width:40px;max-width:40px;left:0;\"><\/div>[vc_column_text css=&#8221;.vc_custom_1670418457317{margin-top: 20px !important;}&#8221;]Fum Greu si artificii &#8211; &#8222;V\u0103 putem oferi o noapte de vis, l\u0103s\u00e2nd impresia unei atmosfere magice cu ajutorul acestui fum greu, a unor decora\u021bii splendide \u0219i eventual a unor jocuri de lumini incredibile.&#8221;, &#8222;v\u0103 putem pune la dispozi\u021bie o gam\u0103 vast\u0103 de artificii, \u00een diferite modele, \u00een diferite culori, pe diferite durate de timp, dup\u0103 bunul dumneavoastr\u0103 plac&#8221;, De\u0219i sunt produse relativ noi, sunt foarte folosite \u00een mediile festive \u0219i din ce \u00een ce mai c\u0103utate \u00een Rom\u00e2nia.[\/vc_column_text]\n<div id=\"ocl-12639\" class=\"ozy-custom-list wpb_content_element \">\n<\/p>\n<ul>\n<li><i class=\"oic-heart-2\"><\/i>Fum greu produs din gheata carbonica<\/li>\n<li><i class=\"oic-heart-2\"><\/i>1 masina de fum greu<\/li>\n<li><i class=\"oic-heart-2\"><\/i>Durata 5 &#8211; 7 minute<\/li>\n<li><i class=\"oic-heart-2\"><\/i>Echipament profesional<\/li>\n<li><i class=\"oic-heart-2\"><\/i>Personal specializat<\/li>\n<li><i class=\"oic-heart-2\"><\/i>Gheata carbonica pentru sampanie<\/li>\n<li><i class=\"oic-heart-2\"><\/i>Pachet recomandat pentru orice tip de eveniment<\/li>\n<\/ul>\n<p><\/div>[\/vc_column][vc_column width=&#8221;1\/3&#8243;][vc_single_image image=&#8221;547&#8243; img_size=&#8221;full&#8221; alignment=&#8221;center&#8221;][\/vc_column][\/vc_row][vc_row][vc_column][vc_custom_heading text=&#8221;Be fabulous. Be empowered. Be Blown Away!&#8221; font_container=&#8221;tag:h1|text_align:center|color:%23c09e6f&#8221; google_fonts=&#8221;font_family:Lovers%20Quarrel%3Anormal|font_style:300%20light%3A300%3Anormal&#8221;]\n<div id=\"ofd-30049\" class=\"ozy-floral-divider ornament_5 align-center \">\n<svg viewBox=\"0 0 255.12 23.4\"><use xlink:href=\"https:\/\/weddingevents.ro\/wp-content\/plugins\/ozy-wedding-planner-essentials\/images\/ornament_divider5.svg#ornament_divider5\"><\/use><\/svg><\/div>[vc_empty_space]<div class=\"carousel single wpb_content_element flickity-carousel  item-count-1\" data-flickity='{ \"pageDots\": true, \"prevNextButtons\": false, \"groupCells\": false, \"contain\" : true, \"cellAlign\": \"left\", \"adaptiveHeight\": false, \"imagesLoaded\": true, \"setGallerySize\": true, \"autoPlay\": 4000 }'>\n<div class=\"ozy-caroseul_item carousel-cell \" style=\"background:url(https:\/\/weddingevents.ro\/wp-content\/uploads\/2022\/12\/platforma-selfie-video-360-alba-iulia-5.jpg);\">\n<a><img decoding=\"async\" src=\"https:\/\/weddingevents.ro\/wp-content\/uploads\/2022\/12\/platforma-selfie-video-360-alba-iulia-5.jpg\" alt=\"Wedding Events\"><strong class=\"single\">Wedding Events<\/strong><\/a><\/div>\n<div class=\"ozy-caroseul_item carousel-cell \" style=\"background:url(https:\/\/weddingevents.ro\/wp-content\/uploads\/2022\/12\/platforma-selfie-video-360-alba-iulia-4.jpg);\">\n<a><img decoding=\"async\" src=\"https:\/\/weddingevents.ro\/wp-content\/uploads\/2022\/12\/platforma-selfie-video-360-alba-iulia-4.jpg\" alt=\"Wedding Events\"><strong class=\"single\">Wedding Events<\/strong><\/a><\/div>\n<div class=\"ozy-caroseul_item carousel-cell \" style=\"background:url(https:\/\/weddingevents.ro\/wp-content\/uploads\/2022\/12\/platforma-selfie-video-360-alba-iulia-3.jpg);\">\n<a><img decoding=\"async\" src=\"https:\/\/weddingevents.ro\/wp-content\/uploads\/2022\/12\/platforma-selfie-video-360-alba-iulia-3.jpg\" alt=\"Wedding Events\"><strong class=\"single\">Wedding Events<\/strong><\/a><\/div><\/div>[vc_column_text css=&#8221;.vc_custom_1670418924994{margin-top: 20px !important;}&#8221;]<\/p>\n<div class=\"wpb_text_column wpb_content_element vc_custom_1670336074870\">\n<div class=\"wpb_wrapper\">\n<p>Ne dorim sa aducem cat mai multe zambete pe fetele clientilor nostri si ale invitatilor acestora, oferind prin intermediul serviciilor noastre experiente de neuitat.<\/p>\n<p>Suntem astfel cei ce dau tonul distractiei la evenimentul dumneavoastra.<\/p>\n<p>Prin servicii prompte si impecabile, ne asiguram ca evenimentul tau va fi de succes.<\/p><\/div>\n<\/div>\n<p>[\/vc_column_text][vc_raw_html]JTVCdHJ1c3RpbmRleCUyMG5vLXJlZ2lzdHJhdGlvbiUzRGZhY2Vib29rJTVE[\/vc_raw_html][\/vc_column][\/vc_row]<\/p>\n<\/section>","protected":false},"excerpt":{"rendered":"<p>[vc_row full_width=&#8221;stretch_row_content&#8221; css=&#8221;.vc_custom_1485197870743{margin-top: 40px !important;}&#8221;][vc_column width=&#8221;2\/3&#8243;][vc_column_text css=&#8221;.vc_custom_1670418457317{margin-top: 20px !important;}&#8221;]Fum Greu si artificii &#8211; &#8222;V\u0103 putem oferi o noapte de vis, l\u0103s\u00e2nd impresia unei atmosfere magice cu ajutorul acestui fum greu, [&hellip;]<\/p>\n","protected":false},"author":1,"featured_media":0,"parent":476,"menu_order":0,"comment_status":"closed","ping_status":"closed","template":"","meta":{"footnotes":""},"class_list":["post-540","page","type-page","status-publish","hentry"],"_links":{"self":[{"href":"https:\/\/weddingevents.ro\/index.php\/wp-json\/wp\/v2\/pages\/540","targetHints":{"allow":["GET"]}}],"collection":[{"href":"https:\/\/weddingevents.ro\/index.php\/wp-json\/wp\/v2\/pages"}],"about":[{"href":"https:\/\/weddingevents.ro\/index.php\/wp-json\/wp\/v2\/types\/page"}],"author":[{"embeddable":true,"href":"https:\/\/weddingevents.ro\/index.php\/wp-json\/wp\/v2\/users\/1"}],"replies":[{"embeddable":true,"href":"https:\/\/weddingevents.ro\/index.php\/wp-json\/wp\/v2\/comments?post=540"}],"version-history":[{"count":5,"href":"https:\/\/weddingevents.ro\/index.php\/wp-json\/wp\/v2\/pages\/540\/revisions"}],"predecessor-version":[{"id":1869,"href":"https:\/\/weddingevents.ro\/index.php\/wp-json\/wp\/v2\/pages\/540\/revisions\/1869"}],"up":[{"embeddable":true,"href":"https:\/\/weddingevents.ro\/index.php\/wp-json\/wp\/v2\/pages\/476"}],"wp:attachment":[{"href":"https:\/\/weddingevents.ro\/index.php\/wp-json\/wp\/v2\/media?parent=540"}],"curies":[{"name":"wp","href":"https:\/\/api.w.org\/{rel}","templated":true}]}}